 number?
True
Is 9086071373 a prime number?
False
Is 6118278843 a prime number?
False
Is 64091934383 a composite number?
True
Is 8298990757 a prime number?
True
Is 21325307387 a prime number?
True
Is 17240457977 a prime number?
True
Is 1839184769 prime?
True
Is 285078581 a prime number?
True
Is 13210557247 prime?
True
Is 5154556997 composite?
False
Is 3306545537 a composite number?
True
Is 16186699987 composite?
True
Is 2198663017 a prime number?
False
Is 11170714133 a prime number?
False
Is 68906547453 prime?
False
Is 81208766527 a composite number?
True
Is 2174847905 a prime number?
False
Is 15078769681 a composite number?
False
Is 709591969553 composite?
False
Is 23824190641 composite?
False
Is 2305019771 prime?
True
Is 42858463331 a composite number?
False
Is 3845868077 composite?
False
Is 4918463 composite?
True
Is 28095214547 a prime number?
True
Is 4292449811 a prime number?
False
Is 689814863 a composite number?
False
Is 4294892579 a composite number?
False
Is 55817627323 prime?
False
Is 19484488669 a prime number?
False
Is 6820364585 composite?
True
Is 23707970929 a composite number?
True
Is 3994292809 prime?
False
Is 59377115977 a composite number?
True
Is 493652057 a composite number?
True
Is 72100598041 a prime number?
False
Is 9875779 composite?
True
Is 3972452399 a composite number?
False
Is 74943341453 composite?
True
Is 585233533 a prime number?
True
Is 711463693 a composite number?
True
Is 1426619594 a composite number?
True
Is 908422087 prime?
True
Is 3326136899 a composite number?
False
Is 1544954707 prime?
False
Is 25318358291 a composite number?
True
Is 213557687 a prime number?
False
Is 15679184011 prime?
True
Is 2009474681 a composite number?
True
Is 1037343227 a composite number?
False
Is 52863591961 a prime number?
False
Is 171645707 prime?
False
Is 165106550087 a prime number?
False
Is 90162930439 a prime number?
True
Is 29843987 prime?
False
Is 2131611569 a prime number?
False
Is 481879031 composite?
False
Is 1075203617 a composite number?
True
Is 4356319771 prime?
True
Is 1618525561 composite?
False
Is 4839403 a composite number?
False
Is 11632984159 a composite number?
True
Is 126123983 a composite number?
True
Is 165983261 composite?
False
Is 2339131191 a prime number?
False
Is 22259954851 composite?
False
Is 1119718949 a prime number?
True
Is 1030781347 a composite number?
False
Is 718448089 prime?
True
Is 64466399 composite?
True
Is 7049441873 composite?
False
Is 848090821 composite?
True
Is 1423876609 a prime number?
False
Is 132016141 prime?
True
Is 175526149 composite?
False
Is 68230554529 composite?
False
Is 2403022253 prime?
True
Is 133693033807 composite?
True
Is 333689804779 composite?
True
Is 1558342799 a composite number?
True
Is 368400967 composite?
True
Is 3463303999 composite?
True
Is 4863189979 composite?
True
Is 1349356213 composite?
True
Is 64601373017 a prime number?
True
Is 570061003 a composite number?
True
Is 4268921471 composite?
True
Is 365595947 prime?
True
Is 7651628081 a composite number?
True
Is 11595130861 prime?
False
Is 5495406313 composite?
True
Is 5646971387 composite?
False
Is 170237911 a composite number?
False
Is 1099491721 prime?
True
Is 7170696461 prime?
False
Is 33288974843 prime?
True
Is 1465895891 composite?
True
Is 9924505121 prime?
False
Is 1512974117 a prime number?
True
Is 722007193 a prime number?
True
Is 28058963719 a composite number?
True
Is 2005855679 a composite number?
False
Is 25020351061 composite?
False
Is 1777624753 a composite number?
True
Is 35261299 prime?
False
Is 34261509829 a composite number?
False
Is 4681537381 a prime number?
True
Is 19905915461 composite?
True
Is 7910575027 a composite number?
False
Is 8323444553 a composite number?
True
Is 30003738977 composite?
False
Is 10190887157 a prime number?
False
Is 84276221 a composite number?
True
Is 76242375589 composite?
False
Is 2485223261 prime?
True
Is 1549125979 composite?
False
Is 14242944115 prime?
False
Is 67738423 composite?
False
Is 9825898807 a composite number?
False
Is 394421231 a composite number?
True
Is 185188763 composite?
True
Is 9510532189 prime?
True
Is 235528843609 a composite number?
False
Is 38195629217 composite?
False
Is 1481569234 prime?
False
Is 31281010483 a composite number?
True
Is 326200201 a prime number?
False
Is 99712690697 a composite number?
True
Is 47892071 composite?
False
Is 33366851591 a composite number?
True
Is 1080978113 prime?
True
Is 189159029 a composite number?
False
Is 13597703689 a prime number?
False
Is 1463251039 a composite number?
True
Is 334547688803 prime?
True
Is 4359735709 a composite number?
True
Is 73419803761 prime?
False
Is 49048847 a composite number?
False
Is 14034903001 a composite number?
True
Is 4392895537 prime?
True
Is 228036563 prime?
True
Is 1221360277 composite?
True
Is 33591263843 composite?
True
Is 1665569231 prime?
True
Is 344314781 a composite number?
False
Is 15266603927 composite?
True
Is 28269657551 a prime number?
True
Is 50319283541 a composite number?
True
Is 20887484503 a prime number?
False
Is 1418216629 a prime number?
True
Is 7036403329 composite?
False
Is 1166620943 a prime number?
False
Is 1293740797 composite?
False
Is 178023973 composite?
False
Is 4578409153 prime?
True
Is 40315727 composite?
False
Is 113823767 a prime number?
True
Is 22178182463 a composite number?
False
Is 18930473179 a composite number?
False
Is 15833136329 a prime number?
False
Is 1467981143 a composite number?
False
Is 1699820707 composite?
True
Is 7265150371 composite?
False
Is 559199471 a composite number?
True
Is 691205723 prime?
False
Is 3052561037 composite?
False
Is 115898723 composite?
False
Is 3810379369 a composite number?
True
Is 1919311717 a prime number?
False
Is 112094977883 a prime number?
False
Is 1158839729 composite?
False
Is 161731011146 a composite number?
True
Is 24036703927 a prime number?
True
Is 9654735991 composite?
True
Is 520564277 a composite number?
False
Is 12374731111 composite?
False
Is 651037987 prime?
False
Is 2655751127 a prime number?
True
Is 7134022607 prime?
False
Is 1517468657 a prime number?
False
Is 19237506947 composite?
True
Is 78186855683 composite?
True
Is 58976590099 a prime number?
False
Is 24189554561 a prime number?
False
Is 145773958199 a prime number?
True
Is 31350403895 a composite number?
True
Is 6500836391 a prime number?
False
Is 1780821629 a composite number?
True
Is 93931727 a composite number?
False
Is 19978651291 composite?
False
Is 16890622379 a composite number?
False
Is 18330748547 a prime number?
False
Is 7787276743 a composite number?
True
Is 52337375569 prime?
False
Is 166755311 prime?
True
Is 3702335501 prime?
False
Is 356410993 prime?
True
Is 365737283759 a composite number?
True
Is 32085887503 prime?
True
Is 6720655043 prime?
True
Is 4322977409 a composite number?
True
Is 5704964743 a composite number?
False
Is 1616084737 a composite number?
False
Is 25885322329 composite?
False
Is 234952961 a composite number?
False
Is 144646907 a composite number?
True
Is 37581757679 prime?
True
Is 112997251 prime?
True
Is 102869711071 a composite number?
True
Is 576341461 prime?
True
Is 700611991 a prime number?
False
Is 1678149563 a prime number?
True
Is 563439593 prime?
True
Is 3568785109 prime?
False
Is 970918901 prime?
True
Is 837670585 a prime number?
False
Is 4175034317 composite?
True
Is 2121172927 composite?
True
Is 185753807 a prime number?
False
Is 2133286219 composite?
False
Is 276392929 composite?
False
Is 941862037 a composite number?
False
Is 1634930677 composite?
True
Is 2845627243 a prime number?
True
Is 28664530073 composite?
True
Is 3655313579 prime?
False
Is 3197796541 a composite number?
False
Is 8309661071 a composite number?
False
Is 3851495839 a composite number?
False
Is 109550468747 a prime number?
True
Is 6515257778 a composite number?
True
Is 9339814303 a composite number?
True
Is 27199131515 prime?
False
Is 513082607 a prime number?
True
Is 358781598077 a prime number?
False
Is 8244635603 a composite number?
False
Is 23849491 prime?
True
Is 2481328709 a composite number?
False
Is 13883627491 a prime number?
False
Is 585182933 composite?
False
Is 757088669 a composite number?
False
Is 8602856599 a prime number?
False
Is 3547651889 a prime number?
True
Is 97296620